alculate the highest common factor of 1 and p.
1
Let j(m) be the third derivative of m**4/24 + m**3/6 - 3*m**2. Let w be j(3). Suppose -3*z + 4 = z. Calculate the greatest common divisor of z and w.
1
Let y(w) be the first derivative of 2*w**3/3 - w**2 - 4*w + 1. Let a be y(3). What is the greatest common factor of a and 1?
1
Suppose -5*u + 265 = 2*h, u - h = 4*h + 80. What is the highest common factor of u and 275?
55
Suppose -7*d = -4*d - 45. What is the highest common factor of 75 and d?
15
Suppose 5*w = -2*k - 1 + 10, w = 4*k + 15. Calculate the greatest common divisor of w and 1.
1
Suppose 4*m + r - 2*r = -8, 4*r = 2*m + 18. Let y be (-24)/(-1 - m/(-2)). Let v be (-4*1)/((-1)/44). What is the highest common divisor of v and y?
16
Let s = 13 - -1. Suppose -2*z = 4*h - 30, s = h - 5*z - 10. What is the highest common divisor of h and 36?
9
Let u(l) = l - 1. Let j(q) = -2*q**2 - 11*q + 7. Let n(x) = -j(x) - 6*u(x). Let i be n(-5). Calculate the highest common factor of i and 36.
12
Let a(n) = n**3 - 17*n**2 - 15*n - 39. Let d be a(18). Calculate the greatest common divisor of d and 180.
15
Let c(j) = j**3 - j + 52. Let p be c(0). Calculate the highest common factor of p and 520.
52
Let n be 2/((30/25)/3). Suppose -12 = -4*s - 0. Suppose s*w = 5*l - 178, 0 = l - 3*l + 3*w + 73. What is the greatest common divisor of n and l?
5
Let s = 2 - -12. Calculate the highest common factor of 56 and s.
14
Let t be 4 - (1 + -1 + 2). Suppose 2*p - 6 = -2*x - t*p, 10 = 5*x + 5*p. What is the greatest common factor of 8 and x?
1
Let y = -5 + 53. Suppose 2*x - 179 = -3*a, a + x + x - 53 = 0. Let q = -31 + a. Calculate the greatest common divisor of q and y.
16
Let c(m) = 19*m - 7. Let t be 8 + (3/3 - 4). Let x be c(t). What is the highest common divisor of x and 22?
22
Suppose 34 = 3*j - u, -4*u + u = -6. What is the highest common divisor of j and 18?
6
Suppose 2*x - 78 = -3*r, -17 = -3*r + 3*x + 46. Let z = r - 49. Let s = -18 - z. What is the greatest common factor of s and 35?
7
Suppose -n + 4*f + 154 = 0, -2*n - 301 = -4*n + f. Calculate the greatest common factor of 60 and n.
30
Let q = -4 + 6. Let b be (-38 - -1)/((-1)/q). Suppose b = 2*i + 2*o, 19 = i + 4*o - 21. What is the greatest common factor of i and 12?
12
Let l(i) = i**2 - 6*i + 6. Let f be l(6). Suppose -3*t + 5*t = 2*b + 84, 3*b = 0. What is the highest common factor of f and t?
6
Suppose 0 = l + 10. Let d(a) = 2*a**2 + 13*a - 5. Let w be d(l). Calculate the greatest common factor of w and 13.
13
Let x = -41 + 25. Let s = x - -26. What is the highest common divisor of 15 and s?
5
Let o be 2/(-8) - (-618)/8. Let r be -3*2/(-9)*36. Let u = r - 17. What is the greatest common factor of o and u?
7
Let y = -57 - -141. Let n(p) be the second derivative of p**4/3 - p**3/6 - p**2 - 2*p. Let a be n(2). What is the greatest common divisor of a and y?
12
Let v(a) be the second derivative of -a**3/2 - a**2/2 - a. Let k be v(-7). Calculate the highest common divisor of 5 and k.
5
Suppose g = -2*h + 25, 3*g + 65 = h + 3*h. What is the highest common divisor of 35 and h?
7
Let z = 83 - 57. What is the greatest common factor of 65 and z?
13
Let a = 142 + -64. Calculate the highest common factor of 52 and a.
26
Let k(h) = 5*h + 1. Let a be k(1). Let o be 1/2*-1*-12. Let r(x) = -x**3 + 5*x**2 + 6*x + 4. Let q be r(o). What is the highest common factor of q and a?
2
Let b be ((-224)/35)/((-1)/5). Calculate the highest common divisor of b and 16.
16
Suppose 123 = 2*g - 5. Let z = 44 + -28. Calculate the highest common divisor of z and g.
16
Suppose h = -b + 20, b + 4*h - 28 = 7*h. Calculate the greatest common factor of 242 and b.
22
Let j = -142 - -230. Suppose 0 = 5*t - q - j, 3*t = 2*q - 0*q + 50. Calculate the highest common divisor of 12 and t.
6
Let u(o) = o**2 + 2*o. Let z be u(-3). Suppose 153 = z*q - 36. Calculate the highest common divisor of q and 9.
9
Suppose 3*z - 70 = -25. Suppose -5*p - 3*w = w - 620, -2*w + 610 = 5*p. Calculate the highest common factor of p and z.
15
Let g = -6 + 9. Calculate the greatest common factor of 1 and g.
1
Suppose 2*i = -3*l + 55, -l + 49 = 5*i - 82. Let y = 132 - 93. What is the greatest common factor of y and i?
13
Suppose 0 = -2*b - b + 495. What is the greatest common factor of b and 15?
15
Let r be 6/9 + 1618/3. Suppose 0 + r = 4*g. Calculate the highest common factor of 15 and g.
15
Suppose -q + 4*q = 363. Calculate the highest common factor of 11 and q.
11
Suppose -24 + 3 = -3*g. What is the highest common factor of 56 and g?
7
Let z(x) = x**3 + 4*x**2 - 3*x - 3. Let w be z(-2). Let q = w + -1. What is the highest common divisor of q and 50?
10
Suppose 0 = -4*z + 176 + 24. Suppose -3*s - z = -8*s. Let d(c) = c**2 + 1. Let y be d(3). Calculate the highest common factor of s and y.
10
Suppose -5*n - 150 = -5*h, -2*h + 147 = 2*h + 5*n. What is the highest common factor of h and 11?
11
Let r = 433 - 421. Let b be (-4)/(0 + -1*1). Calculate the highest common factor of r and b.
4
Let l(h) = h**2 - 13*h + 4. Let p be l(10). Let r = p + 38. What is the greatest common factor of 132 and r?
12
Let d(c) = -c**2 - 7*c + 9. Suppose 14 = -3*k - 4*q, -4*k + 4*q - 22 = -k. Let h be d(k). What is the highest common factor of h and 5?
5
Let r be ((-81)/12)/(9/(-120)). Let o be (-2)/(-2)*(3 - -6). What is the greatest common factor of r and o?
9
Suppose 5*i - 3*i = 3*p + 43, 2*p + 52 = 3*i. Calculate the greatest common divisor of i and 126.
14
Suppose 64 = 2*s - 2*o, 2*o - 166 = -4*s - 32. Suppose 0 = -l - 2*l + 9. Calculate the highest common divisor of s and l.
3
Suppose -2*b - 90 = -7*b. Calculate the greatest common factor of b and 9.
9
Let o = 230 - 190. Calculate the highest common factor of 16 and o.
8
Let i(v) = 11*v**2 - 41*v + 29. Let b(k) = -2*k**2 + 7*k - 5. Let o(a) = -34*b(a) - 6*i(a). Let j be o(7). Calculate the highest common factor of j and 15.
15
Let z(k) be the second derivative of k**3/6 + 2*k. Let o be z(6). Calculate the highest common divisor of 9 and o.
3
Let t be (112/(-10))/((-22)/55). Calculate the highest common divisor of 42 and t.
14
Let l = 145 + -137. Suppose 0*j + 48 = 2*j. Calculate the greatest common divisor of j and l.
8
Suppose 0 = -2*k - 0*b - 5*b + 46, 3*b + 12 = k. Let m = -105 + 123. What is the highest common factor of m and k?
18
Suppose -s + 5 = -0*s + 2*d, 0 = -d. Suppose s*y - 83 = 77. Suppose -4*v = 2*u - 60, 4*v + y = 3*u - 8. Calculate the greatest common factor of 10 and u.
10
Let n = 12 + -8. Suppose -f + n = -0*f. Calculate the greatest common factor of 2 and f.
2
Let q be (-2)/(-9) + (-34)/(-9). Suppose -2*v = -q*v. Let y be (20 - 3) + 1 + v. What is the highest common divisor of 198 and y?
18
Suppose 3*y = 2*l - 2 - 3, l = -5*y + 35. Let a(z) = z**2 + 30*z + 116. Let r be a(-28). Calculate the highest common divisor of l and r.
10
Let t = 109 - 76. Let o(h) = -h**2 + h + 2. Let k be o(2). Suppose 2*f - 6 = -k*f. What is the highest common divisor of f and t?
3
Let v(y) = y**3 + 13*y**2 + 12*y + 12. Let l be v(-12). Calculate the greatest common divisor of l and 2.
2
Suppose 2*w = w - 3*j + 80, -5*w + 2*j + 400 = 0. Suppose 3*n - 13 - 83 = 0. Calculate the highest common factor of n and w.
16
Let v = 85 - 193. Let j be -3*(-9)/(v/(-160)). Calculate the highest common divisor of j and 5.
5
Suppose 75 = 5*p - 5*j, -2*j + 2 + 4 = 0. Let y be (3 - 2)/(3 - (-106)/(-36)). Calculate the highest common divisor of y and p.
18
Let r(x) be the second derivative of -x**3/3 - 21*x**2/2 - 5*x. Let c be r(-14). Calculate the greatest common divisor of c and 28.
7
Let v = 30 - 23. What is the highest common factor of v and 112?
7
Let t = -7 - -14. Let k(l) = 10*l - 5. Let c be k(4). What is the greatest common divisor of t and c?
7
Let q(j) = 38*j - 20. Let o be q(10). What is the highest common divisor of 36 and o?
36
Suppose -o + 2*x = -27, -3*o + x = o - 136. What is the highest common divisor of o and 7?
7
Suppose -8*z + 4*z = -72. Let c = 6 - 1. Suppose -2*i = p + 8, -22 - 3 = c*i. Calculate the highest common factor of p and z.
2
Let d = 17 + 3. What is the greatest common factor of d and 220?
20
Suppose 0 = 2*p - 3*d - 61, p - 4 = -d + 29. What is the highest common factor of p and 64?
32
Let q = -237 + 269. Suppose j - 5 + 1 